 + 3*n, 6*n - 8 = -f + 3*n. Suppose 0*m = f*m - 2*z - 40, -2*z - 16 = -m. Determine k(m).
-5
Let x(a) be the second derivative of a**5/20 - 5*a**4/12 - 5*a**3/6 - 5*a**2/2 - 3*a. Determine x(6).
1
Suppose 4*c - c = 12. Suppose 0 = -c*a + 3*b + 31, -4*b - b = 25. Let t(j) = 0*j + a*j + 6*j**2 + 2 - j**2 + j**3. What is t(-2)?
6
Let n = 12 + -3. Let t = n + -9. Let v(y) = -y + 1. What is v(t)?
1
Let h(q) be the first derivative of -1/2*q**2 - 1/4*q**4 + 4/3*q**3 - q - 4. Determine h(2).
5
Let f(b) = -b**3 - 2*b**2. Suppose 4*x - 92 = 52. Let z = x + -22. Suppose 5*h - c = -z, 4*h - 8 = -0*h - 4*c. Calculate f(h).
0
Let d(w) = w**3 - 5*w**2 + 4*w + 1. Suppose -3*p + 3*n = -9, p + 4*n = -0*p + 8. Calculate d(p).
1
Let d(g) = 2*g + 7. Let n(q) = q**3 - 21*q**2 - q + 16. Let u be n(21). Give d(u).
-3
Let k(d) be the first derivative of 0*d + 7*d - 3*d - d**2 - 2. Give k(5).
-6
Let p(i) be the first derivative of -2 - 1/2*i**2 + 10*i. Give p(5).
5
Let w(o) = 3*o - 2. Let i be w(2). Let z = -2 + i. Let t(q) = -3*q - 1. What is t(z)?
-7
Let r(o) = 7*o**2 - o + 6. Let v be r(-6). Suppose -3*q = q + v. Let n be q/15 - (-4)/10. Let p(c) = c**2 + 2*c - 5. Determine p(n).
3
Let j(l) = -l**3 - 8*l**2 - 6*l + 1. Let s be -3 - ((-2)/(-6))/((-1)/(-12)). Determine j(s).
-6
Let t(d) = -d**3 - 3*d**2 - 2*d - 4. Let o = -32 - -7. Let l = o - -22. What is t(l)?
2
Let l be 6*1/(2 - 0). Let z be (l - 2) + (-4)/(-1). Let a(d) = 5 - 5*d**2 - 3 + 2*d**3 - d**3. What is a(z)?
2
Suppose -4 = 5*f - f. Suppose -33 = 2*g - 2*s + 3, 4*g = 5*s - 77. Let a be 5/15*(f - g). Let n(h) = h**3 - 5*h**2 + 4*h - 5. Calculate n(a).
-5
Let q(u) be the third derivative of u**5/120 - 11*u**4/24 - u**3/3 + 2*u**2. Let v(y) be the first derivative of q(y). Let c = 14 + -14. Calculate v(c).
-11
Let c(j) = -6*j**3 - j**2 + j - 1. Let z be (2 + -1)/(-18 + 19). Determine c(z).
-7
Let p(c) be the second derivative of -c**5/20 - 7*c**4/12 + c**2/2 + 11*c. Give p(-7).
1
Let p(y) = y**2 + 5*y**2 + 0 + y**3 + 3 - 2*y**2 + 3*y. Suppose q - o + 0*o = -5, -2*q - 6 = 2*o. Give p(q).
-9
Let c(t) be the first derivative of t**5/20 - t**3/3 - t**2 + 4*t + 4. Let o(v) be the first derivative of c(v). Calculate o(-2).
-6
Suppose -a + 4 = 2. Let c(b) = b - 3*b + a - 9. What is c(-6)?
5
Let x(m) = m**3 + 6*m**2 + 7*m + 4. Suppose r - 3 - 1 = 0. Let z(k) = k + 12. Let y be z(-10). Suppose -3*j - r = -y*j. Calculate x(j).
8
Let a be (-85)/15 - (-4)/6. Let m(c) = -c**3 - 5*c**2 - c + 1. Let r be m(a). Let y be 2/r - (-13)/(-3). Let v(x) = x**2 + 4*x + 5. Calculate v(y).
5
Let a(s) = -6 - s + s**2 + 0 - 3*s - 2*s. Determine a(6).
-6
Let m(i) = -2*i - 6*i**2 - 19 + 6 + 6 - i**3. Calculate m(-6).
5
Let o(c) = c**2 - 6*c - 6. Let d be 6/(-12)*-6*2. What is o(d)?
-6
Let w be (4/(-12))/((-3)/18). Let c(k) = 0*k**w - 1 + 3*k - 1 - 2*k**2 + k**2. Calculate c(5).
-12
Suppose -3*n - 3 = 9. Let j(v) be the first derivative of v**4/4 + 5*v**3/3 + 2*v**2 + 6*v - 1. Determine j(n).
6
Let d(m) = -2*m. Suppose -2*n = -0*n. Let i = n - -4. Suppose 0 = -0*k - 2*k + i. What is d(k)?
-4
Let r(j) be the third derivative of 0*j - 4/3*j**3 + 0 + 7/60*j**5 - 5*j**2 - 1/120*j**6 - 5/24*j**4. Determine r(6).
-2
Let d(s) = -s**2 + 3*s + 4. Let f(t) = -2*t**2 + 5*t + 9. Let i(j) = -9*d(j) + 4*f(j). Let a(g) = -g**2 + 8*g. Let c(p) = 2*a(p) + 3*i(p). Give c(6).
6
Suppose 0 = -4*l - 12 - 0, 5*h - 35 = 5*l. Suppose -p = 4*p - x + 19, -5*p - 16 = -h*x. Let d(r) = -r**2 - 3*r. Determine d(p).
-4
Let s(a) = 2*a**2. Let p(x) = -x**2 + 6*x - 6. Suppose -u + k = -18, -5*u + 0*k = -2*k - 75. Let c = u - 8. Let n be p(c). Calculate s(n).
2
Suppose -l - 3*l + 2 = -5*k, -3*k + 3*l - 3 = 0. Let i(o) = o**2 + 1 + 4*o**k - 3*o - 4*o**2 - 6. Determine i(4).
-1
Let u(b) = -7*b + b + b**3 + 4*b**2 - 4*b - 4 + 4*b. Let d(a) = -a + 11. Let v be d(5). Suppose 0 = z + 2*q + 3 - v, 2*z + 6 = -q. Calculate u(z).
1
Suppose 8 = -11*v + 7*v. Let y(q) = 2*q**2 - q. Give y(v).
10
Let u(y) = y**2 + 5*y - 6. Let j be u(-6). Suppose 4*m = 3*m. Let n(g) = g + m*g + 3 - 2*g. Give n(j).
3
Let p(m) = -m**3 - 2*m**2 + 2*m + 4. Let u(t) = t**2 - 3*t + 2. Let y be u(4). Suppose i - 3*i - 18 = 0. Let z = i + y. Determine p(z).
7
Suppose 32*o = 30*o. Let n(w) = -w. Calculate n(o).
0
Let m(f) = f**2 + 7*f + 9. Suppose -22 = n - 4*a, 14 - 6 = -4*n - 4*a. Give m(n).
3
Suppose -c = 4 - 8. Suppose -t - t + c = 0. Let v(n) = -2*n**3 + 2*n**3 + n**3 - 3*n**2 + 0 + 1. Give v(t).
-3
Let s(n) = n**2 + n - 5. Let c = 0 - -3. Suppose -3*t + x = -2, 6 + 0 = -2*t - c*x. Let d(r) = -r. Let v be d(t). What is s(v)?
-5
Let c(q) be the third derivative of 0*q + 0*q**3 + 1/6*q**4 + 0 - q**2. Give c(-1).
-4
Let n(t) = t**2 - 8*t - 3. Let c be n(6). Let l be (-4)/(-10) + (-39)/c. Let y(z) = -z - 6*z**2 - l + 1 + 1. Give y(-1).
-6
Let m(r) be the second derivative of -r**8/6720 + r**7/840 - r**6/360 + r**5/30 + r**4/6 + 5*r. Let b(o) be the third derivative of m(o). Give b(3).
-2
Let j(w) = -5*w**2 - w**3 - w**2 + 10*w**2 - 4. Let t(q) = q**2 + q - 2. Let r be t(-3). Determine j(r).
-4
Let o(u) be the first derivative of -3/2*u**2 - 1/4*u**4 + u + u**3 - 1. Suppose 0 - 15 = -5*z. Calculate o(z).
-8
Let f(x) be the second derivative of -5*x**3/6 + x**2/2 + 8*x. Let z(r) = -14*r + 3. Let n(k) = -11*f(k) + 4*z(k). Determine n(3).
-2
Let w(u) = -42*u + 22*u + 3 + 21*u - 7. Suppose 3 = -2*z - 4*r - 13, 2*z - 5*r = 20. What is w(z)?
-4
Let l(f) = f**2 - 1. Let m be l(2). Let c = -1 + 5. Let d = c - m. Let x(z) = -7*z**2 - 2*z + 1. What is x(d)?
-8
Let i(g) = 7*g - 4. Let f(b) = b + 1. Let y(u) = -3*f(u) + i(u). Determine y(5).
13
Let h(u) = -12 + 4 + 7 + u - 3. Determine h(6).
2
Let m(g) = -g**2 - 4*g + 5. Let o(a) = -3*a + 3. Let q be o(-4). Let d be ((-4)/2)/(6/q). Give m(d).
0
Let u(a) = 31*a. Let l(j) = -15*j. Let q(h) = 9*l(h) + 4*u(h). What is q(2)?
-22
Let f(y) = 2*y - 1. Let k = 25 - 0. Suppose 3*d - 4*o = 2*d - 19, -4*o = 5*d - k. What is f(d)?
1
Let n(b) be the third derivative of -1/60*b**5 - 1/6*b**3 + 0*b - 1/6*b**4 + 0 - 6*b**2. Give n(-3).
2
Let a(b) = -3*b - 3. Let q = -17 + 12. Give a(q).
12
Let p(u) = -u + 4. Let n(l) = l**3 + 7*l**2 + 5*l - 6. Let d be n(-6). Suppose i - 5*b + 17 = d, 0 = -i - 8*b + 3*b + 23. Let g = i + -3. Give p(g).
4
Suppose 0 = 3*k + 4*f + 6 - 18, 0 = 3*k + 3*f - 15. Let o(s) = s**2 - 8*s + 3. Give o(k).
3
Let q(g) = -g**3 - g**2 + 3. Let o be -1*(3 - 24/2). Let j(h) = h - 9. Let b be j(o). Calculate q(b).
3
Let c(d) be the first derivative of -d**3/3 - 3*d**2/2 + 3*d - 5. Let a(o) = -6*o**2 + 1. Let n be a(1). Let g = n - -2. Give c(g).
3
Suppose -5*o = 4*z + 9, 6*z = o + 3*z + 17. Let y(r) = r**3 + 6*r**2 + 6*r + 2. Calculate y(o).
-3
Let b(g) = g**2 - 9*g + 8. Let q(w) = 6*w**2 - 15*w + 9. Let n(h) = 5*h**2 - 14*h + 9. Let k(c) = 5*n(c) - 4*q(c). Let j(d) = 5*b(d) - 4*k(d). Calculate j(3).
-2
Let c(v) = -v**2 + 5*v. Suppose 13 = 4*h + t, 2*t - 16 = -h + 6*t. Give c(h).
4
Suppose 0 = 3*o + 3*c + 9, -4*c + 1 = 2*o + 13. Let l(q) be the third derivative of -1/8*q**4 - 2/3*q**3 + 0*q + o - 2*q**2. What is l(-3)?
5
Let k(r) = r**3 + 18*r + 8*r**2 - 3*r**2 - 38*r + 21*r. Give k(-5).
-5
Let r(v) = 2*v + 3. Let h be 4 + -2*2/4. Suppose c - h*a - 12 = 0, -11 = c + c + a. Calculate r(c).
-3
Let h(f) = -f - 4. Let d be h(-7). Let u = -1 + d. Let o(x) = 4*x**u - 1 + 5*x + 4 + 2*x**3 - x**3. Calculate o(-3).
-3
Let x(y) = -y**2 + 12*y + 8. Let s(v) = 3*v**2 - 26*v - 17. Let l(u) = -2*s(u) - 5*x(u). Suppose 14 = -2*w - 0. Determine l(w).
1
Suppose -3*u - 4*k + 37 = 15, 3*u - 14 = -2*k. Let m be u/(0/(-1) - -1). Let v(h) = 2 - 3*h**m + 3*h - h**3 + 3 + 6*h**2. Give v(4).
1
Suppose -2*d = -1 + 7. Let j(i) = -7*i**2 + 5*i + 4. Let y(u) = -3*u**2 + 2*u + 2. Let c(q) = 2*j(q) - 5*y(q). What is c(d)?
7
Let f = -3 - -16. Let y = f + -8. Let a(k) = -k**2 + 3*k + 5. Give a(y).
-5
Let q = 4 + -3. Let j(a) = a. Let y(o) = -12*o**2 - 4*o - 1. Let x(t) = -5*j(t) - y(t). Determine x(q).
12
Let w(n) = 22*n - 5. Let a(b) = -5*b + 1. Let u(p) = -18*a(p) - 4*w(p). Suppose 0 = 4*k - 12 - 0. Calculate u(k).
8
Let z(a) be the first derivative of -a**4/4 + 3*a**3 + 11*a**2/2 - 2*a - 24. Calculate z(10).
8
Let s(q) be the second derivative of -q**5/20 + 5*q**4/12 - q**3/6 - 5*q**2/2 + 12*q. What is